16 = -u. Let t(n) = -n - 61 + 2*n + 134. Let l be t(-23). Calculate the greatest common divisor of u and l.
10
Suppose -96*j + 208 = 80*j - 672. Calculate the highest common divisor of 9865 and j.
5
Let v(y) = 2*y**3 + 19*y**2 + 35*y + 4. Let d be v(-7). Calculate the greatest common factor of d and 3856.
4
Suppose 3185 = 236*r - 231*r. Calculate the greatest common divisor of 39 and r.
13
Suppose 0 = -26*i + 2822 + 3028. Suppose -4*q = 4*h - 2116, 2*h + 4*q - 435 = 631. What is the greatest common divisor of i and h?
75
Let d be 5*(3 + -1)*(-769)/5383*-105. Calculate the greatest common divisor of d and 14425.
25
Suppose -8643 + 101437 = 83*z. Calculate the highest common factor of z and 338.
26
Suppose 5*t - 336 = 133*m - 136*m, -2*t + 12*m + 42 = 0. Calculate the highest common divisor of t and 4830.
21
Let f be (-317)/(-15) + (-8)/60. Let o be (3/(-3))/((-425)/140 - -3). What is the greatest common factor of o and f?
7
Suppose 5*w + 5*c = 2230, c = 4*c + 6. Let o be (-280)/(-6)*(-30)/(-25). What is the highest common divisor of w and o?
56
Suppose 0*s + 512380 = 8*s + 135780. Calculate the greatest common divisor of s and 25.
25
Let f = -33536 + 33572. Calculate the highest common divisor of f and 4716.
36
Let t(a) = -a**3 - 7*a**2 - 7*a - 23. Let m be (1 - -13)*58/(-116). Let n be t(m). Calculate the greatest common factor of 4 and n.
2
Let v(r) = -r**2 - 63*r + 2028. Let s be v(23). What is the greatest common divisor of s and 890?
10
Let q be 6/15 - 5/((-150)/1098). Suppose 0 = 2*u - 22 - 78. Suppose -4*h + 210 = 4*n + u, 0 = -3*h + 9. What is the highest common factor of n and q?
37
Suppose -2078 = -5*j - 0*j - 1638. Calculate the highest common divisor of 253 and j.
11
Let v be -305*(-22 - (-291)/15). Let g(d) = -d**3 + 7*d**2 + d + 6. Let h be g(5). Calculate the greatest common factor of v and h.
61
Suppose -61*s - 330 = -63*s. Suppose -q + 55 = 5*a, 0 = 5*q - 2*q - 3*a - s. What is the greatest common divisor of q and 5?
5
Suppose 261 = -9*o + 540. Calculate the highest common divisor of 248 and o.
31
Let w(h) = 28*h + 23. Let d be -6*(-4 + -2 + 2). Suppose 5*g = -g + d. Let a be w(g). Calculate the greatest common factor of a and 15.
15
Suppose -1470 = 50*i - 56*i. Let r be 2*i/(-56)*-28. What is the highest common factor of 5 and r?
5
Suppose 0 = -2*v - 2*a + 36, -4*v - 3*a = -31 - 40. Suppose c - v = -2*n, 29 = 4*n - 0*n - 3*c. What is the greatest common factor of n and 88?
8
Suppose -2*o + n + 10 = -3, 0 = -3*o + 3*n + 18. What is the highest common factor of 3458 and o?
7
Let a be 1*((-192)/(-15))/((-2)/(-10)). Let j = a + -61. Suppose 0 = 4*w + 8, -w = 4*g - j*w - 92. Calculate the highest common divisor of g and 2.
2
Let b(l) = l**2 - 4. Let g = -33 - -31. Let x be b(g). Suppose -5*w = 3*n - 36, w - n - 2*n = x. What is the highest common factor of 66 and w?
6
Let q = 680 + -538. What is the greatest common divisor of 4 and q?
2
Let g(h) = 51*h + 51. Let y be g(0). Suppose -49*z + 3*k - 924 = -y*z, -4*k = -3*z + 1369. What is the greatest common divisor of 54 and z?
27
Let h be (-5970)/(10 + -16) - 8. Calculate the highest common factor of h and 188.
47
Let t(n) = 11*n + 240. Let z = 281 + -300. Let l be t(z). Calculate the highest common factor of l and 961.
31
Let j = -21469 - -24325. Calculate the highest common divisor of j and 51.
51
Suppose 10*u - 277 = 243. Calculate the highest common divisor of 1586 and u.
26
Suppose 3*a = 3*z + 10 - 4, 5*a = z + 14. Suppose a*d - 339 = -4*k, 4 - 7 = -3*d. Suppose -15*x + k = -13*x. Calculate the highest common divisor of 28 and x.
14
Suppose -5*w - r = -13475, -5*w + 13150 = 2*r - 330. Calculate the highest common factor of w and 6.
6
Let h(l) = 2*l**3 + 70*l**2 + 10*l + 361. Let m be h(-35). Calculate the greatest common divisor of m and 10219.
11
Suppose r = -0*r + 19. Let f(g) = 4*g**3 + 3*g**2 - 153*g + 457. Let c be f(3). What is the greatest common divisor of r and c?
19
Let r = 713 + -722. Let h(w) = -2*w**2 - 9*w + 108. Let z be h(r). Calculate the greatest common divisor of z and 2.
1
Suppose 51*t + 9 = 54*t. Let m be 390/(-20)*(1 - t). Calculate the greatest common factor of 91 and m.
13
Suppose 3*g + 1 = -5*z, -g = 2*z - 0*g. Let i be (-3)/(z/(8/(-6))). Suppose y = 3*x - 14, -2*x + 6*y = y + 8. What is the greatest common factor of x and i?
2
Suppose 5*x + 4*z + 2731 - 11083 = 0, -2*x = -z - 3346. Suppose -5*n = -n - x. Calculate the greatest common factor of 22 and n.
22
Let m = -31781 + 31791. What is the highest common divisor of 10705 and m?
5
Suppose k + 0*k = 32. Suppose -18*y + 1584 = 4*t - 20*y, 3*y = -4*t + 1574. Let c be (2528/t)/(-2*1/(-10)). What is the greatest common factor of c and k?
32
Let b = -260 - -270. Suppose -b*v = -2911 + 671. Calculate the greatest common divisor of v and 14.
14
Let d(i) be the first derivative of i**2 + 3*i + 1. Let g be d(4). Let o be (-2)/(5 + 392/(-77)). Calculate the greatest common divisor of o and g.
11
Let h(l) = l**2 + 66*l + 11776. Let b be h(0). Calculate the greatest common factor of 64 and b.
64
Suppose -4*n = -8*u + 11*u - 1033, 0 = -2*u - 2*n + 688. Suppose 349*y = u*y + 1056. What is the greatest common factor of 33 and y?
11
Let g = 181 - 125. Let b be (g + -2)/(15/50) + -4. Calculate the highest common factor of b and 11.
11
Suppose 0 = -10*a + 4 + 16. Suppose 2*k + 5*r + 20 = k, -a*k - 5 = 3*r. Let p be 2*44*k/10. Calculate the highest common factor of 11 and p.
11
Let t(f) = f**2 - 4*f - 19. Let q be t(7). Let s(d) = 2*d**2 - d - 1. Let r be s(q). Suppose -16 = -r*g + 14. What is the highest common divisor of g and 6?
6
Let o = 6271 - 6255. What is the greatest common divisor of 4272 and o?
16
Let r be 2/(84/20 + -4) - 5. Suppose r*v - 3*a - 285 = 0, v - 2*v - 2*a + 44 = 0. Calculate the greatest common divisor of v and 6.
6
Let u = -1619 - -3117. Let v be 9/(486/(-90)) - u/(-6). Suppose -4*s - 300 = -5*g + s, 3*s - 6 = 0. What is the highest common divisor of g and v?
62
Suppose -4*c + 10 = -2*v, -13*v = c - 8*v - 8. Suppose 0 = -a - d + 948, a - c*d + 2*d = 952. Calculate the greatest common divisor of 50 and a.
50
Let h = 8546 + -6269. What is the greatest common factor of 99 and h?
99
Suppose -4*s - 878 = 5*d, 6*d - d + s = -872. Let y = d + 192. Let p = 108 - 36. What is the greatest common factor of p and y?
18
Suppose -304 + 1517 = 5*n + 3*o, 3*o + 747 = 3*n. Calculate the highest common factor of n and 441.
49
Let a be (-2)/5 - (-7)/5. Let b = -94 + 100. Suppose -2*m - 4*j = -32, -m - b*j + 2*j = -24. What is the highest common factor of m and a?
1
Let q be (-370)/(-45) - 2 - (-4)/(-18). Let c(f) = -3*f. Let d be c(-1). Let o be d + 204/(4 + 0). Calculate the greatest common factor of q and o.
6
Let i be -11*(-18)/(-4)*-2. Suppose -503*a + 174 = -509*a. Let c be 2/(-4)*(a + 7). What is the highest common divisor of c and i?
11
Suppose 2*b + 4*a = -b - 327, 6 = -2*a. Let v = -894 + 811. Let c = v - b. What is the highest common factor of c and 77?
11
Let g(w) = w**3 - 9*w**2 - w + 21. Let d = -67 + 76. Let p be g(d). What is the greatest common divisor of p and 12?
12
Suppose -p - 1 = 3*c, -2*p = 3*p - 5*c - 35. Suppose -p*l + 937 + 2393 = 0. Calculate the highest common factor of 18 and l.
18
Let n(p) = 5*p**3 + 2*p**2 + 2*p + 2. Let c be n(-2). Let d = c - -39. Suppose -d*f = -9*f + 4. What is the highest common divisor of f and 1?
1
Let k be 1 + (-2)/((-2)/5). Let p = -1048 - -1568. Let t = -516 + p. Calculate the greatest common divisor of k and t.
2
Suppose -2*a + 198 = 16*a. Let s be (a - 17)/((-1)/9). Suppose 0 = 4*r - 4, -2*y - 2*r = r - 15. What is the greatest common factor of y and s?
6
Suppose 3*m + 9 = 39. Suppose 0 = 3*z - 4*c - 102, 5*z + 41 = 3*c + 211. Let f be 26 + -21 + (z - -1). What is the greatest common factor of f and m?
10
Suppose -21*q = -3*q. Suppose 0 = -3*m - 17*t + 12*t + 538, 3*t - 15 = q. Calculate the greatest common divisor of 18 and m.
9
Let g be -6 - ((56 - 44) + -1 + -25067). What is the highest common divisor of g and 10?
10
Let b(f) = f**3 - 7*f**2 + 20*f - 43. Let z be b(6). Calculate the greatest common factor of 41 and z.
41
Suppose 0 = -5*f + 749 - 769. Let i = f + 7. Calculate the greatest common divisor of i and 3.
3
Let w(s) = -2*s**3 - 47*s**2 + 57*s 